t of b?
7
Let i(r) be the third derivative of r**6/120 + r**5/3 + 7*r**4/24 + 41*r**2. What is the units digit of i(-19)?
8
Suppose -24*w = -25*w + 475. What is the units digit of w?
5
Let p(f) = f**3 + 6*f**2 + 3. Let d be p(-6). Suppose -d*l - 51 = -0*c - 3*c, -3*c + l = -59. What is the units digit of c?
1
Suppose -22522 - 6428 = -50*i. What is the hundreds digit of i?
5
Let v(i) be the third derivative of i**5/30 + i**4/4 - 5*i**3/6 + 9*i**2. What is the units digit of v(3)?
1
Let c be 3/4 + 315/(-36). Let z(i) = i**2 - 6*i - 10. What is the hundreds digit of z(c)?
1
Let x(y) = -3*y + 3*y - 4*y - y**2 + 16*y + 4. What is the units digit of x(9)?
1
Let p(m) = 2*m + 3. Let o be p(-4). What is the units digit of (546/(-65))/(2/o)?
1
Let i be (-4)/8 + 2/(-4). Let z = 3 + i. Let t(n) = 3*n + 3. What is the units digit of t(z)?
9
Let y = 20 + 13. Let o = 70 + -10. Let b = o - y. What is the tens digit of b?
2
Suppose i - 28*h = -31*h + 1568, 3*i - 4774 = 5*h. What is the units digit of i?
3
Let j(r) = -5*r + 5. Let l be j(1). Suppose l = -3*a - 2*z + 735, -5*a + 4*z = -3*a - 506. What is the tens digit of a?
4
Suppose 6*q - 10*q + 160 = 0. Suppose 2*j + 34 - q = 0. What is the units digit of j?
3
Suppose z - 26 - 4 = 0. Let k(a) = -17*a**3 - a**2 - 2*a - 1. Let n be k(-1). Let f = z + n. What is the units digit of f?
7
Let w be 6/(-27) + 3644/36. Let c = w + -100. What is the units digit of c?
1
Suppose -81 = 9*w - 6*w. Let x be ((-8)/3)/((-18)/w). Let c = x + 11. What is the units digit of c?
7
Let h(o) = -6*o**2 - 1. Let l be h(1). Let y be (-3 + 1 - -4)/((-4)/10). Let u = y - l. What is the units digit of u?
2
Suppose 0 = 3*f - 20*f + 16932. What is the tens digit of f?
9
Let l = -11 - -8. Let a(j) = j**3 + 5*j**2 + 5*j + 2. Let g be a(l). Suppose w = -p + 3*p + 19, 0 = g*w + 3*p - 121. What is the units digit of w?
3
Let x(q) = -2*q**3 - 66*q**2 + 38*q + 73. What is the tens digit of x(-34)?
9
Let b(w) = -13*w**3 + 10*w**2 + 12*w + 11. Let u(p) = 7*p**3 - 5*p**2 - 6*p - 5. Let m(l) = 6*b(l) + 11*u(l). What is the tens digit of m(5)?
4
What is the tens digit of ((-66)/(-99))/((-2)/(-7047))?
4
Let p(v) = -17*v - 8. Suppose 0 = -7*h + 4*h - 9. What is the units digit of p(h)?
3
Suppose 0*x - 2*x = 0. Let w be x - (-41 + 4 - -1). Let i = -3 + w. What is the units digit of i?
3
Let q(b) = 2411*b - 27. What is the tens digit of q(1)?
8
Let m be 3060/81 + (-4)/(-18). Let h be 6/(-4)*56/(-6). Suppose n - m = -h. What is the units digit of n?
4
Suppose -9*l = -14952 - 26880. What is the tens digit of l?
4
Let d = 4476 + -2936. What is the units digit of d?
0
Let f(h) be the second derivative of h**3/3 - 9*h**2/2 - 2*h. Let y be f(7). Suppose -3*b + 4*w + 65 = 0, 3*b - b - 48 = y*w. What is the units digit of b?
9
Let v(m) = 29*m - 6*m + 4*m + 9 + m. Let c be v(7). Suppose 2*p - c = -3*p. What is the tens digit of p?
4
Let q(c) be the third derivative of 4/3*c**3 - 1/120*c**6 + 2/15*c**5 - 5/12*c**4 + 0*c - 4*c**2 + 0. What is the tens digit of q(6)?
2
Let y = 150 - 1. What is the tens digit of y?
4
Suppose -5*z + 205 = -t + 2058, -4*t + 4*z + 7412 = 0. What is the units digit of t?
3
Suppose -4148 - 9265 = -17*k. What is the hundreds digit of k?
7
Let z = -90 + 92. Let h(t) = 68*t**2 - 8*t + 4. What is the tens digit of h(z)?
6
Let f(u) = 2*u + 8. Let p be f(-4). Suppose 6*y - 1005 + 51 = p. What is the tens digit of y?
5
Suppose 2*o = 146 - 0. Suppose -2*h + 15 = -o. What is the tens digit of h?
4
Let h(f) = -f - 3*f + 7 + 9*f - 5. Let u(y) = -3*y - 1. Let l(i) = -3*h(i) - 7*u(i). What is the tens digit of l(2)?
1
Suppose -y = y - 674. Suppose -2*i + 0*i - y = -5*f, -f + 64 = 3*i. What is the tens digit of f?
6
Let l(x) be the first derivative of -x**3/3 - 5*x**2 - 4. Let a be l(-9). What is the tens digit of a + (2 - (-2)/(-2))?
1
Let x be -35*4*(-3)/10. Suppose 9*q + 42 = 7*q. Let z = x + q. What is the tens digit of z?
2
Suppose -5*z + 404 = 94. Let b = z - -35. What is the units digit of b?
7
Let n be ((-576)/(-40))/(-9)*10/(-4). Suppose -n*d + 146 = k, -5*k - d - 2*d = -730. What is the units digit of k?
6
Let l be (-1)/4 + 17/4. Suppose 0 = l*o - 1 + 5. What is the tens digit of o - -10 - (0 + -3)?
1
Let d = 4 - 1. Suppose -5*o - 4*t + 90 = -d*o, 198 = 4*o - t. What is the units digit of o?
9
Suppose 3*p + p + 52 = 0. Let o = p - -15. Suppose 126 = 3*k - k - 4*c, -o*k = 5*c - 81. What is the units digit of k?
3
Let u = 1925 - 694. What is the thousands digit of u?
1
What is the hundreds digit of -46 + 49 - (-2792 + (-2 - -3))?
7
Let p(o) = -o + 3. Let b be (0 + 21/15)*5. Let g be p(b). Let i = 18 - g. What is the tens digit of i?
2
Let f be 1/(-3) + 13/3. What is the tens digit of (7 + -5)/(f/430)?
1
Let s = 5461 + -1382. What is the hundreds digit of s?
0
Let j(n) = 4*n**2 - n. Let i = 13 - 13. Suppose 0 = 5*g + 5 - i. What is the units digit of j(g)?
5
Let g = 712 + 29. What is the units digit of g?
1
Let s(t) = -t**2 + 17*t + 23. Let f be s(18). Suppose 278 + 632 = f*h. What is the hundreds digit of h?
1
Let b be (-12)/(-3) + -1 - 1. Suppose 10 + 8 = b*w. What is the tens digit of (1 - w/15)*45?
1
Let u(j) = -j**3 + 3*j**2 - 4*j + 2. Let x(t) = t**3. Suppose -4*h + 28 = 4*d, 0 = -4*h + 3 + 1. Let p(a) = d*x(a) + u(a). What is the tens digit of p(2)?
4
Suppose 180 = 3*v + 174. Suppose 187 - 201 = -v*y. What is the units digit of y?
7
Let j(w) = 25*w - 24. What is the hundreds digit of j(15)?
3
Suppose -n + 2*f + f + 137 = 0, 5*n - f = 741. Let j = 343 - n. What is the tens digit of j?
9
Suppose -3*a + 2*a + 3*j + 156 = 0, 0 = 3*a + 2*j - 446. Let v = 300 - a. What is the tens digit of v?
5
Let c(w) = 12*w + 10. Let h be c(-7). Suppose -8*r + 3*z = -4*r + 413, 2*z = -r - 106. Let a = h - r. What is the tens digit of a?
3
Suppose 3*k + 3*u = -12, -13 = 3*k - 2*u + 9. Let n be (-3)/4 - k/(-24). What is the units digit of (n - -4*3) + 0?
1
Suppose 2*l = f + 878, l = -5*f + f + 457. What is the units digit of l?
1
Suppose -y = 2*y - 3. Suppose y = -2*w + 5. Suppose 29 = 3*v - w*v. What is the tens digit of v?
2
Let y = -110 + 114. Suppose 4*t = z + y*z - 286, 2*z + t - 117 = 0. What is the tens digit of z?
5
Suppose -16920 = -4*n + 9*d - 11*d, 0 = 2*d - 8. What is the units digit of n?
8
Let h(u) = -34*u + 25 + 12*u**2 - 18 + u**3 + 0*u**2. What is the units digit of h(-14)?
1
Let n(q) = q**2 + 7*q + 8. Let y be n(-6). Let f(p) = -2*p + 4*p**y + 2*p**2 + 0*p**2 + 3. What is the units digit of f(2)?
3
Suppose 4*i + 6 + 1306 = 2*k, -20 = -4*i. Suppose k = 5*p + 4*c, 2*p - 403 = -p + c. Let x = p - 89. What is the units digit of x?
5
Let n(t) = 20*t**2 - 3*t + 4. What is the tens digit of n(3)?
7
Suppose 5*p + 880 = -2*l, 0*p = 4*p + 3*l + 711. Let u = p - -246. What is the units digit of u?
2
Let z(g) = -2*g**3 - 5*g**2 - 10*g - 24. What is the hundreds digit of z(-7)?
4
Let i(p) = -33*p**3 + 4*p**2 - 2*p - 1. Let u be i(2). What is the units digit of 46/u + (-4712)/(-22)?
4
Suppose 0 = -12*i - 13*i + 46100. What is the thousands digit of i?
1
Let a(j) = -j**2 - 12. Let o be a(0). Let d = o + 17. Suppose 3*b = 2*c + c - 57, -2*c - d*b = -38. What is the units digit of c?
9
Let d = 8767 + -3660. What is the hundreds digit of d?
1
Let o = 13 - 19. Let y be (3 + 305/(-30))*o. Suppose n = 3*a + y, -4*a = -4 - 8. What is the units digit of n?
2
Let o be 1*4 - (-13 - -14). Let m be (1 - -3) + -2 + o. What is the units digit of m + -1 + 63 - -2?
9
Let a = 2494 - 203. What is the thousands digit of a?
2
Let c be (6/(-9))/((-4)/12). What is the units digit of 5/c*1908/30?
9
Let m(p) = -p**2 - 38*p - 60. Suppose -26 + 146 = -5*h. What is the units digit of m(h)?
6
Suppose -6*x = -5*x + 36. What is the units digit of (1 - x/(-16))*-4?
5
Let j = 15 - 15. What is the units digit of 57 + (j - 3) + 6?
0
Let l(r) = r**2 + 11*r - 6. Suppose 0 = 5*u - 14 - 1. Let d be -15 + u + 1*-1. What is the tens digit of l(d)?
2
Suppose -g = 2, -2*g - 1174 = -6*b + 3*b. What is the tens digit of b?
9
Let s be 63/4 + (-1)/(-4). Let v(f) = 14*f + 20. What is the hundreds digit of v(s)?
2
Let p = 30 + 189. Let f = p - 108. What is the hundreds digit of f?
1
Let o = 1602 - 929. What is the hundreds digit of o?
6
Let s(g) = 160*g**2 - g - 12. What is the thousands digit of s(5)